{"id":484,"date":"2024-08-26T13:18:27","date_gmt":"2024-08-26T13:18:27","guid":{"rendered":"https:\/\/dtx.metu.edu.tr\/?p=484"},"modified":"2024-08-26T13:26:19","modified_gmt":"2024-08-26T13:26:19","slug":"fundamental-training-for-eu-framework-programmes","status":"publish","type":"event","link":"https:\/\/dtx.metu.edu.tr\/tr\/event\/fundamental-training-for-eu-framework-programmes\/","title":{"rendered":"AB \u00c7er\u00e7eve Programlar\u0131 Ba\u015fvurular\u0131 i\u00e7in Temel E\u011fitim \u00c7ok Yak\u0131nda Ba\u015fl\u0131yor!"},"content":{"rendered":"<p><strong>AB \u00c7er\u00e7eve Programlar\u0131 Ba\u015fvurular\u0131 i\u00e7in Temel E\u011fitim \u00c7ok Yak\u0131nda Ba\u015fl\u0131yor!<\/strong><\/p>\n<p>ODT\u00dc-DTX, yakla\u015fan AB \u00c7er\u00e7eve Programlar\u0131 Ba\u015fvurular\u0131 i\u00e7in Temel E\u011fitimleri duyurmaktan heyecan duyuyor. Bu e\u011fitimler, otomotiv ve makine sekt\u00f6rlerindeki \u015firketleri AB taraf\u0131ndan finanse edilen programlar\u0131n sundu\u011fu geni\u015f f\u0131rsatlar hakk\u0131nda bilgilendirmek \u00fczere tasarland\u0131.<\/p>\n<p>E\u011fitimler a\u015fa\u011f\u0131daki ba\u015fl\u0131klar\u0131 i\u00e7erecek:<\/p>\n<ul>\n<li>Proje Haz\u0131rl\u0131\u011f\u0131 E\u011fitimi<\/li>\n<li>Konsorsiyum Olu\u015fturma ve Konsorsiyum Y\u00f6netme E\u011fitimi<\/li>\n<li>Ufuk Avrupa Program\u0131 Proje Tasla\u011f\u0131 Haz\u0131rlama E\u011fitimi<\/li>\n<li>Ufuk Avrupa Program\u0131 Finans ve B\u00fct\u00e7eleme E\u011fitimi<\/li>\n<\/ul>\n<p><strong>\u00d6zel F\u0131rsatlar:<\/strong><\/p>\n<p>D\u00f6rt \u00e7evrimi\u00e7i e\u011fitim oturumundan en az \u00fc\u00e7\u00fcne kat\u0131lan \u015firket temsilcileri son bir \u00e7al\u0131\u015ftaya davet edilecek. Bu \u00e7al\u0131\u015ftayda ODT\u00dc-DTX ekibi, proje fikirleri \u00f6zel destek alacak \u015firketleri se\u00e7ecek. Se\u00e7ilen bu \u015firketler, proje ba\u015fvurular\u0131n\u0131 geli\u015ftirmek i\u00e7in \u00f6zel dan\u0131\u015fmanl\u0131k hizmetlerinden yararlanacak.<\/p>\n<p>Proje fikirlerinizi geli\u015ftirmek ve de\u011ferli bir destek almak i\u00e7in bu f\u0131rsat\u0131 ka\u00e7\u0131rmay\u0131n. Daha fazla g\u00fcncelleme ve e\u011fitimlere nas\u0131l kat\u0131laca\u011f\u0131n\u0131za ili\u015fkin ayr\u0131nt\u0131lar i\u00e7in ba\u011flant\u0131da kal\u0131n!<\/p>","protected":false},"featured_media":511,"template":"","meta":{"_acf_changed":false},"categories":[1],"tags":[],"class_list":["post-484","event","type-event","status-publish","has-post-thumbnail","hentry","category-uncategorized"],"acf":[],"yoast_head":"<!-- This site is optimized with the Yoast SEO plugin v25.0 - https:\/\/yoast.com\/wordpress\/plugins\/seo\/ -->\n<title>Fundamental Training for EU Framework Programmes - METU-DTX<\/title>\n<meta name=\"robots\" content=\"index, follow, max-snippet:-1, max-image-preview:large, max-video-preview:-1\" \/>\n<link rel=\"canonical\" href=\"https:\/\/dtx.metu.edu.tr\/tr\/event\/fundamental-training-for-eu-framework-programmes\/\" \/>\n<meta property=\"og:locale\" content=\"tr_TR\" \/>\n<meta property=\"og:type\" content=\"article\" \/>\n<meta property=\"og:title\" content=\"Fundamental Training for EU Framework Programmes - METU-DTX\" \/>\n<meta property=\"og:description\" content=\"Launching Soon: Fundamental Training for EU Framework Programmes Applications! METU DTX is excited to announce the upcoming Fundamental Training for EU Framework Programmes Applications. These trainings are designed to inform companies in the automotive and machinery sectors about the vast opportunities available through EU-funded programmes. The trainings will include: Project Preparation Training Consortium Building and...\" \/>\n<meta property=\"og:url\" content=\"https:\/\/dtx.metu.edu.tr\/tr\/event\/fundamental-training-for-eu-framework-programmes\/\" \/>\n<meta property=\"og:site_name\" content=\"METU-DTX\" \/>\n<meta property=\"article:publisher\" content=\"https:\/\/www.facebook.com\/dtx.metu\" \/>\n<meta property=\"article:modified_time\" content=\"2024-08-26T13:26:19+00:00\" \/>\n<meta property=\"og:image\" content=\"https:\/\/dtx.metu.edu.tr\/wp-content\/uploads\/2024\/08\/EU1.jpg\" \/>\n\t<meta property=\"og:image:width\" content=\"603\" \/>\n\t<meta property=\"og:image:height\" content=\"316\" \/>\n\t<meta property=\"og:image:type\" content=\"image\/jpeg\" \/>\n<meta name=\"twitter:card\" content=\"summary_large_image\" \/>\n<meta name=\"twitter:site\" content=\"@metudtx\" \/>\n<meta name=\"twitter:label1\" content=\"Tahmini okuma s\u00fcresi\" \/>\n\t<meta name=\"twitter:data1\" content=\"1 dakika\" \/>\n<script type=\"application\/ld+json\" class=\"yoast-schema-graph\">{\"@context\":\"https:\/\/schema.org\",\"@graph\":[{\"@type\":\"WebPage\",\"@id\":\"https:\/\/dtx.metu.edu.tr\/event\/fundamental-training-for-eu-framework-programmes\/\",\"url\":\"https:\/\/dtx.metu.edu.tr\/event\/fundamental-training-for-eu-framework-programmes\/\",\"name\":\"Fundamental Training for EU Framework Programmes - METU-DTX\",\"isPartOf\":{\"@id\":\"https:\/\/dtx.metu.edu.tr\/tr\/#website\"},\"primaryImageOfPage\":{\"@id\":\"https:\/\/dtx.metu.edu.tr\/event\/fundamental-training-for-eu-framework-programmes\/#primaryimage\"},\"image\":{\"@id\":\"https:\/\/dtx.metu.edu.tr\/event\/fundamental-training-for-eu-framework-programmes\/#primaryimage\"},\"thumbnailUrl\":\"https:\/\/dtx.metu.edu.tr\/wp-content\/uploads\/2024\/08\/EU1.jpg?wsr\",\"datePublished\":\"2024-08-26T13:18:27+00:00\",\"dateModified\":\"2024-08-26T13:26:19+00:00\",\"breadcrumb\":{\"@id\":\"https:\/\/dtx.metu.edu.tr\/event\/fundamental-training-for-eu-framework-programmes\/#breadcrumb\"},\"inLanguage\":\"tr\",\"potentialAction\":[{\"@type\":\"ReadAction\",\"target\":[\"https:\/\/dtx.metu.edu.tr\/event\/fundamental-training-for-eu-framework-programmes\/\"]}]},{\"@type\":\"ImageObject\",\"inLanguage\":\"tr\",\"@id\":\"https:\/\/dtx.metu.edu.tr\/event\/fundamental-training-for-eu-framework-programmes\/#primaryimage\",\"url\":\"https:\/\/dtx.metu.edu.tr\/wp-content\/uploads\/2024\/08\/EU1.jpg?wsr\",\"contentUrl\":\"https:\/\/dtx.metu.edu.tr\/wp-content\/uploads\/2024\/08\/EU1.jpg?wsr\",\"width\":603,\"height\":316},{\"@type\":\"BreadcrumbList\",\"@id\":\"https:\/\/dtx.metu.edu.tr\/event\/fundamental-training-for-eu-framework-programmes\/#breadcrumb\",\"itemListElement\":[{\"@type\":\"ListItem\",\"position\":1,\"name\":\"Anasayfa\",\"item\":\"https:\/\/dtx.metu.edu.tr\/tr\/\"},{\"@type\":\"ListItem\",\"position\":2,\"name\":\"Fundamental Training for EU Framework Programmes\"}]},{\"@type\":\"WebSite\",\"@id\":\"https:\/\/dtx.metu.edu.tr\/tr\/#website\",\"url\":\"https:\/\/dtx.metu.edu.tr\/tr\/\",\"name\":\"METU DTX\",\"description\":\"Digital Transformation and Innovation Center\",\"publisher\":{\"@id\":\"https:\/\/dtx.metu.edu.tr\/tr\/#organization\"},\"potentialAction\":[{\"@type\":\"SearchAction\",\"target\":{\"@type\":\"EntryPoint\",\"urlTemplate\":\"https:\/\/dtx.metu.edu.tr\/tr\/?s={search_term_string}\"},\"query-input\":{\"@type\":\"PropertyValueSpecification\",\"valueRequired\":true,\"valueName\":\"search_term_string\"}}],\"inLanguage\":\"tr\"},{\"@type\":\"Organization\",\"@id\":\"https:\/\/dtx.metu.edu.tr\/tr\/#organization\",\"name\":\"METU DTX\",\"url\":\"https:\/\/dtx.metu.edu.tr\/tr\/\",\"logo\":{\"@type\":\"ImageObject\",\"inLanguage\":\"tr\",\"@id\":\"https:\/\/dtx.metu.edu.tr\/tr\/#\/schema\/logo\/image\/\",\"url\":\"https:\/\/dtx.metu.edu.tr\/wp-content\/uploads\/2024\/07\/Logo.png\",\"contentUrl\":\"https:\/\/dtx.metu.edu.tr\/wp-content\/uploads\/2024\/07\/Logo.png\",\"width\":1041,\"height\":333,\"caption\":\"METU DTX\"},\"image\":{\"@id\":\"https:\/\/dtx.metu.edu.tr\/tr\/#\/schema\/logo\/image\/\"},\"sameAs\":[\"https:\/\/www.facebook.com\/dtx.metu\",\"https:\/\/x.com\/metudtx\",\"https:\/\/www.instagram.com\/metu.dtx\/\",\"https:\/\/www.linkedin.com\/company\/metu-dtx\/\"]}]}<\/script>\n<!-- \/ Yoast SEO plugin. -->","yoast_head_json":{"title":"Fundamental Training for EU Framework Programmes - METU-DTX","robots":{"index":"index","follow":"follow","max-snippet":"max-snippet:-1","max-image-preview":"max-image-preview:large","max-video-preview":"max-video-preview:-1"},"canonical":"https:\/\/dtx.metu.edu.tr\/tr\/event\/fundamental-training-for-eu-framework-programmes\/","og_locale":"tr_TR","og_type":"article","og_title":"Fundamental Training for EU Framework Programmes - METU-DTX","og_description":"Launching Soon: Fundamental Training for EU Framework Programmes Applications! METU DTX is excited to announce the upcoming Fundamental Training for EU Framework Programmes Applications. These trainings are designed to inform companies in the automotive and machinery sectors about the vast opportunities available through EU-funded programmes. The trainings will include: Project Preparation Training Consortium Building and...","og_url":"https:\/\/dtx.metu.edu.tr\/tr\/event\/fundamental-training-for-eu-framework-programmes\/","og_site_name":"METU-DTX","article_publisher":"https:\/\/www.facebook.com\/dtx.metu","article_modified_time":"2024-08-26T13:26:19+00:00","og_image":[{"width":603,"height":316,"url":"https:\/\/dtx.metu.edu.tr\/wp-content\/uploads\/2024\/08\/EU1.jpg","type":"image\/jpeg"}],"twitter_card":"summary_large_image","twitter_site":"@metudtx","twitter_misc":{"Tahmini okuma s\u00fcresi":"1 dakika"},"schema":{"@context":"https:\/\/schema.org","@graph":[{"@type":"WebPage","@id":"https:\/\/dtx.metu.edu.tr\/event\/fundamental-training-for-eu-framework-programmes\/","url":"https:\/\/dtx.metu.edu.tr\/event\/fundamental-training-for-eu-framework-programmes\/","name":"Fundamental Training for EU Framework Programmes - METU-DTX","isPartOf":{"@id":"https:\/\/dtx.metu.edu.tr\/tr\/#website"},"primaryImageOfPage":{"@id":"https:\/\/dtx.metu.edu.tr\/event\/fundamental-training-for-eu-framework-programmes\/#primaryimage"},"image":{"@id":"https:\/\/dtx.metu.edu.tr\/event\/fundamental-training-for-eu-framework-programmes\/#primaryimage"},"thumbnailUrl":"https:\/\/dtx.metu.edu.tr\/wp-content\/uploads\/2024\/08\/EU1.jpg?wsr","datePublished":"2024-08-26T13:18:27+00:00","dateModified":"2024-08-26T13:26:19+00:00","breadcrumb":{"@id":"https:\/\/dtx.metu.edu.tr\/event\/fundamental-training-for-eu-framework-programmes\/#breadcrumb"},"inLanguage":"tr","potentialAction":[{"@type":"ReadAction","target":["https:\/\/dtx.metu.edu.tr\/event\/fundamental-training-for-eu-framework-programmes\/"]}]},{"@type":"ImageObject","inLanguage":"tr","@id":"https:\/\/dtx.metu.edu.tr\/event\/fundamental-training-for-eu-framework-programmes\/#primaryimage","url":"https:\/\/dtx.metu.edu.tr\/wp-content\/uploads\/2024\/08\/EU1.jpg?wsr","contentUrl":"https:\/\/dtx.metu.edu.tr\/wp-content\/uploads\/2024\/08\/EU1.jpg?wsr","width":603,"height":316},{"@type":"BreadcrumbList","@id":"https:\/\/dtx.metu.edu.tr\/event\/fundamental-training-for-eu-framework-programmes\/#breadcrumb","itemListElement":[{"@type":"ListItem","position":1,"name":"Anasayfa","item":"https:\/\/dtx.metu.edu.tr\/tr\/"},{"@type":"ListItem","position":2,"name":"Fundamental Training for EU Framework Programmes"}]},{"@type":"WebSite","@id":"https:\/\/dtx.metu.edu.tr\/tr\/#website","url":"https:\/\/dtx.metu.edu.tr\/tr\/","name":"METU DTX","description":"Digital Transformation and Innovation Center","publisher":{"@id":"https:\/\/dtx.metu.edu.tr\/tr\/#organization"},"potentialAction":[{"@type":"SearchAction","target":{"@type":"EntryPoint","urlTemplate":"https:\/\/dtx.metu.edu.tr\/tr\/?s={search_term_string}"},"query-input":{"@type":"PropertyValueSpecification","valueRequired":true,"valueName":"search_term_string"}}],"inLanguage":"tr"},{"@type":"Organization","@id":"https:\/\/dtx.metu.edu.tr\/tr\/#organization","name":"METU DTX","url":"https:\/\/dtx.metu.edu.tr\/tr\/","logo":{"@type":"ImageObject","inLanguage":"tr","@id":"https:\/\/dtx.metu.edu.tr\/tr\/#\/schema\/logo\/image\/","url":"https:\/\/dtx.metu.edu.tr\/wp-content\/uploads\/2024\/07\/Logo.png","contentUrl":"https:\/\/dtx.metu.edu.tr\/wp-content\/uploads\/2024\/07\/Logo.png","width":1041,"height":333,"caption":"METU DTX"},"image":{"@id":"https:\/\/dtx.metu.edu.tr\/tr\/#\/schema\/logo\/image\/"},"sameAs":["https:\/\/www.facebook.com\/dtx.metu","https:\/\/x.com\/metudtx","https:\/\/www.instagram.com\/metu.dtx\/","https:\/\/www.linkedin.com\/company\/metu-dtx\/"]}]}},"_links":{"self":[{"href":"https:\/\/dtx.metu.edu.tr\/tr\/wp-json\/wp\/v2\/event\/484","targetHints":{"allow":["GET"]}}],"collection":[{"href":"https:\/\/dtx.metu.edu.tr\/tr\/wp-json\/wp\/v2\/event"}],"about":[{"href":"https:\/\/dtx.metu.edu.tr\/tr\/wp-json\/wp\/v2\/types\/event"}],"wp:featuredmedia":[{"embeddable":true,"href":"https:\/\/dtx.metu.edu.tr\/tr\/wp-json\/wp\/v2\/media\/511"}],"wp:attachment":[{"href":"https:\/\/dtx.metu.edu.tr\/tr\/wp-json\/wp\/v2\/media?parent=484"}],"wp:term":[{"taxonomy":"category","embeddable":true,"href":"https:\/\/dtx.metu.edu.tr\/tr\/wp-json\/wp\/v2\/categories?post=484"},{"taxonomy":"post_tag","embeddable":true,"href":"https:\/\/dtx.metu.edu.tr\/tr\/wp-json\/wp\/v2\/tags?post=484"}],"curies":[{"name":"wp","href":"https:\/\/api.w.org\/{rel}","templated":true}]}}

AB Çerçeve Programları Başvuruları için Temel Eğitim Çok Yakında Başlıyor!

<p><strong>AB Çerçeve Programları Başvuruları için Temel Eğitim Çok Yakında Başlıyor!</strong></p>
<p>ODTÜ-DTX, yaklaşan AB Çerçeve Programları Başvuruları için Temel Eğitimleri duyurmaktan heyecan duyuyor. Bu eğitimler, otomotiv ve makine sektörlerindeki şirketleri AB tarafından finanse edilen programların sunduğu geniş fırsatlar hakkında bilgilendirmek üzere tasarlandı.</p>
<p>Eğitimler aşağıdaki başlıkları içerecek:</p>
<ul>
<li>Proje Hazırlığı Eğitimi</li>
<li>Konsorsiyum Oluşturma ve Konsorsiyum Yönetme Eğitimi</li>
<li>Ufuk Avrupa Programı Proje Taslağı Hazırlama Eğitimi</li>
<li>Ufuk Avrupa Programı Finans ve Bütçeleme Eğitimi</li>
</ul>
<p><strong>Özel Fırsatlar:</strong></p>
<p>Dört çevrimiçi eğitim oturumundan en az üçüne katılan şirket temsilcileri son bir çalıştaya davet edilecek. Bu çalıştayda ODTÜ-DTX ekibi, proje fikirleri özel destek alacak şirketleri seçecek. Seçilen bu şirketler, proje başvurularını geliştirmek için özel danışmanlık hizmetlerinden yararlanacak.</p>
<p>Proje fikirlerinizi geliştirmek ve değerli bir destek almak için bu fırsatı kaçırmayın. Daha fazla güncelleme ve eğitimlere nasıl katılacağınıza ilişkin ayrıntılar için bağlantıda kalın!</p>

<!-- This site is optimized with the Yoast SEO plugin v25.0 - https://yoast.com/wordpress/plugins/seo/ -->
<title>Fundamental Training for EU Framework Programmes - METU-DTX</title>
<meta name="robots" content="index, follow, max-snippet:-1, max-image-preview:large, max-video-preview:-1" />
<link rel="canonical" href="https://dtx.metu.edu.tr/tr/event/fundamental-training-for-eu-framework-programmes/" />
<meta property="og:locale" content="tr_TR" />
<meta property="og:type" content="article" />
<meta property="og:title" content="Fundamental Training for EU Framework Programmes - METU-DTX" />
<meta property="og:description" content="Launching Soon: Fundamental Training for EU Framework Programmes Applications! METU DTX is excited to announce the upcoming Fundamental Training for EU Framework Programmes Applications. These trainings are designed to inform companies in the automotive and machinery sectors about the vast opportunities available through EU-funded programmes. The trainings will include: Project Preparation Training Consortium Building and..." />
<meta property="og:url" content="https://dtx.metu.edu.tr/tr/event/fundamental-training-for-eu-framework-programmes/" />
<meta property="og:site_name" content="METU-DTX" />
<meta property="article:publisher" content="https://www.facebook.com/dtx.metu" />
<meta property="article:modified_time" content="2024-08-26T13:26:19+00:00" />
<meta property="og:image" content="https://dtx.metu.edu.tr/wp-content/uploads/2024/08/EU1.jpg" />
	<meta property="og:image:width" content="603" />
	<meta property="og:image:height" content="316" />
	<meta property="og:image:type" content="image/jpeg" />
<meta name="twitter:card" content="summary_large_image" />
<meta name="twitter:site" content="@metudtx" />
<meta name="twitter:label1" content="Tahmini okuma süresi" />
	<meta name="twitter:data1" content="1 dakika" />
<script type="application/ld+json" class="yoast-schema-graph">{"@context":"https://schema.org","@graph":[{"@type":"WebPage","@id":"https://dtx.metu.edu.tr/event/fundamental-training-for-eu-framework-programmes/","url":"https://dtx.metu.edu.tr/event/fundamental-training-for-eu-framework-programmes/","name":"Fundamental Training for EU Framework Programmes - METU-DTX","isPartOf":{"@id":"https://dtx.metu.edu.tr/tr/#website"},"primaryImageOfPage":{"@id":"https://dtx.metu.edu.tr/event/fundamental-training-for-eu-framework-programmes/#primaryimage"},"image":{"@id":"https://dtx.metu.edu.tr/event/fundamental-training-for-eu-framework-programmes/#primaryimage"},"thumbnailUrl":"https://dtx.metu.edu.tr/wp-content/uploads/2024/08/EU1.jpg?wsr","datePublished":"2024-08-26T13:18:27+00:00","dateModified":"2024-08-26T13:26:19+00:00","breadcrumb":{"@id":"https://dtx.metu.edu.tr/event/fundamental-training-for-eu-framework-programmes/#breadcrumb"},"inLanguage":"tr","potentialAction":[{"@type":"ReadAction","target":["https://dtx.metu.edu.tr/event/fundamental-training-for-eu-framework-programmes/"]}]},{"@type":"ImageObject","inLanguage":"tr","@id":"https://dtx.metu.edu.tr/event/fundamental-training-for-eu-framework-programmes/#primaryimage","url":"https://dtx.metu.edu.tr/wp-content/uploads/2024/08/EU1.jpg?wsr","contentUrl":"https://dtx.metu.edu.tr/wp-content/uploads/2024/08/EU1.jpg?wsr","width":603,"height":316},{"@type":"BreadcrumbList","@id":"https://dtx.metu.edu.tr/event/fundamental-training-for-eu-framework-programmes/#breadcrumb","itemListElement":[{"@type":"ListItem","position":1,"name":"Anasayfa","item":"https://dtx.metu.edu.tr/tr/"},{"@type":"ListItem","position":2,"name":"Fundamental Training for EU Framework Programmes"}]},{"@type":"WebSite","@id":"https://dtx.metu.edu.tr/tr/#website","url":"https://dtx.metu.edu.tr/tr/","name":"METU DTX","description":"Digital Transformation and Innovation Center","publisher":{"@id":"https://dtx.metu.edu.tr/tr/#organization"},"potentialAction":[{"@type":"SearchAction","target":{"@type":"EntryPoint","urlTemplate":"https://dtx.metu.edu.tr/tr/?s={search_term_string}"},"query-input":{"@type":"PropertyValueSpecification","valueRequired":true,"valueName":"search_term_string"}}],"inLanguage":"tr"},{"@type":"Organization","@id":"https://dtx.metu.edu.tr/tr/#organization","name":"METU DTX","url":"https://dtx.metu.edu.tr/tr/","logo":{"@type":"ImageObject","inLanguage":"tr","@id":"https://dtx.metu.edu.tr/tr/#/schema/logo/image/","url":"https://dtx.metu.edu.tr/wp-content/uploads/2024/07/Logo.png","contentUrl":"https://dtx.metu.edu.tr/wp-content/uploads/2024/07/Logo.png","width":1041,"height":333,"caption":"METU DTX"},"image":{"@id":"https://dtx.metu.edu.tr/tr/#/schema/logo/image/"},"sameAs":["https://www.facebook.com/dtx.metu","https://x.com/metudtx","https://www.instagram.com/metu.dtx/","https://www.linkedin.com/company/metu-dtx/"]}]}</script>
<!-- / Yoast SEO plugin. -->
